{"id":106,"date":"2020-08-24T20:50:13","date_gmt":"2020-08-24T20:50:13","guid":{"rendered":"https:\/\/bonn-toulouse.de\/wordpress\/?page_id=106"},"modified":"2021-05-19T09:25:53","modified_gmt":"2021-05-19T07:25:53","slug":"austausch","status":"publish","type":"page","link":"https:\/\/bonn-toulouse.de\/index.php\/austausch\/","title":{"rendered":"Austausch"},"content":{"rendered":"\n<p>Hier folgen bald Erfahrungsberichte und eine Galerie zu unserem Austausch mit Toulouse.<\/p>\n\n\n\n<p>Bis dahin k\u00f6nnt ihr euch schon mal die Daten f\u00fcr den n\u00e4chsten Austausch vormerken: <\/p>\n\n\n\n<p>Aufenthalt in Toulouse: 14.08.2021-22.08.2021<br>Aufenthalt in Bonn: 29.08.2021-05.09.2021<\/p>\n\n\n\n<p>Anmelden k\u00f6nnt ihr euch bis zum 26.05. <a href=\"mailto: toulouse@uni-bonn.de\">per Mail<\/a>.<\/p>\n","protected":false},"excerpt":{"rendered":"<p>Hier folgen bald Erfahrungsberichte und eine Galerie zu unserem Austausch mit Toulouse. Bis dahin k\u00f6nnt ihr euch schon mal die Daten f\u00fcr den n\u00e4chsten Austausch vormerken: Aufenthalt in Toulouse: 14.08.2021-22.08.2021Aufenthalt in Bonn: 29.08.2021-05.09.2021 Anmelden k\u00f6nnt ihr euch bis zum 26.05. per Mail.<\/p>\n","protected":false},"author":1,"featured_media":0,"parent":0,"menu_order":0,"comment_status":"closed","ping_status":"closed","template":"","meta":[],"_links":{"self":[{"href":"https:\/\/bonn-toulouse.de\/index.php\/wp-json\/wp\/v2\/pages\/106"}],"collection":[{"href":"https:\/\/bonn-toulouse.de\/index.php\/wp-json\/wp\/v2\/pages"}],"about":[{"href":"https:\/\/bonn-toulouse.de\/index.php\/wp-json\/wp\/v2\/types\/page"}],"author":[{"embeddable":true,"href":"https:\/\/bonn-toulouse.de\/index.php\/wp-json\/wp\/v2\/users\/1"}],"replies":[{"embeddable":true,"href":"https:\/\/bonn-toulouse.de\/index.php\/wp-json\/wp\/v2\/comments?post=106"}],"version-history":[{"count":3,"href":"https:\/\/bonn-toulouse.de\/index.php\/wp-json\/wp\/v2\/pages\/106\/revisions"}],"predecessor-version":[{"id":215,"href":"https:\/\/bonn-toulouse.de\/index.php\/wp-json\/wp\/v2\/pages\/106\/revisions\/215"}],"wp:attachment":[{"href":"https:\/\/bonn-toulouse.de\/index.php\/wp-json\/wp\/v2\/media?parent=106"}],"curies":[{"name":"wp","href":"https:\/\/api.w.org\/{rel}","templated":true}]}}