{"id":97,"date":"2020-08-24T20:32:33","date_gmt":"2020-08-24T20:32:33","guid":{"rendered":"https:\/\/bonn-toulouse.de\/wordpress\/?page_id=97"},"modified":"2020-09-06T22:20:10","modified_gmt":"2020-09-06T20:20:10","slug":"geschichte","status":"publish","type":"page","link":"https:\/\/bonn-toulouse.de\/index.php\/geschichte\/","title":{"rendered":"Geschichte"},"content":{"rendered":"\n<p>Seit 1953:<\/p>\n\n\n\n<p>partnerschaftliche Beziehungen zwischen den Universit\u00e4ten Bonn und Toulouse<\/p>\n\n\n\n<p>1976:<\/p>\n\n\n\n<p>Toulouse l\u00e4dt ein zur \u201eFreundschaftswoche\u201c, eine Professorendelegation beschlie\u00dft die Vertiefung der Beziehungen.<\/p>\n\n\n\n<p>Die Association Toulouse-Bonn Verein wird auf franz\u00f6sischer Seite gegr\u00fcndet, ein Jahr sp\u00e4ter folgt das Bonner Pendant.<\/p>\n\n\n\n<p>Seitdem gibt es einen j\u00e4hrlichen Studentenaustausch.<\/p>\n","protected":false},"excerpt":{"rendered":"<p>Seit 1953: partnerschaftliche Beziehungen zwischen den Universit\u00e4ten Bonn und Toulouse 1976: Toulouse l\u00e4dt ein zur \u201eFreundschaftswoche\u201c, eine Professorendelegation beschlie\u00dft die Vertiefung der Beziehungen. Die Association Toulouse-Bonn Verein wird auf franz\u00f6sischer Seite gegr\u00fcndet, ein Jahr sp\u00e4ter folgt das Bonner Pendant. Seitdem gibt es einen j\u00e4hrlichen Studentenaustausch.<\/p>\n","protected":false},"author":1,"featured_media":0,"parent":0,"menu_order":0,"comment_status":"closed","ping_status":"closed","template":"","meta":[],"_links":{"self":[{"href":"https:\/\/bonn-toulouse.de\/index.php\/wp-json\/wp\/v2\/pages\/97"}],"collection":[{"href":"https:\/\/bonn-toulouse.de\/index.php\/wp-json\/wp\/v2\/pages"}],"about":[{"href":"https:\/\/bonn-toulouse.de\/index.php\/wp-json\/wp\/v2\/types\/page"}],"author":[{"embeddable":true,"href":"https:\/\/bonn-toulouse.de\/index.php\/wp-json\/wp\/v2\/users\/1"}],"replies":[{"embeddable":true,"href":"https:\/\/bonn-toulouse.de\/index.php\/wp-json\/wp\/v2\/comments?post=97"}],"version-history":[{"count":1,"href":"https:\/\/bonn-toulouse.de\/index.php\/wp-json\/wp\/v2\/pages\/97\/revisions"}],"predecessor-version":[{"id":98,"href":"https:\/\/bonn-toulouse.de\/index.php\/wp-json\/wp\/v2\/pages\/97\/revisions\/98"}],"wp:attachment":[{"href":"https:\/\/bonn-toulouse.de\/index.php\/wp-json\/wp\/v2\/media?parent=97"}],"curies":[{"name":"wp","href":"https:\/\/api.w.org\/{rel}","templated":true}]}}